hat is a (base 14) in base 4?
22
-61 (base 10) to base 8
-75
6 (base 11) to base 6
10
-8 (base 9) to base 13
-8
Convert -b (base 13) to base 15.
-b
What is -11 (base 2) in base 14?
-3
What is 7 (base 15) in base 3?
21
61 (base 11) to base 5
232
What is -14 (base 16) in base 11?
-19
Convert 227 (base 10) to base 14.
123
Convert 2 (base 15) to base 12.
2
-13 (base 8) to base 3
-102
Convert 29 (base 13) to base 11.
32
What is 3 (base 6) in base 11?
3
Convert -5 (base 7) to base 2.
-101
What is -2 (base 9) in base 10?
-2
-12 (base 3) to base 5
-10
What is 59 (base 15) in base 12?
70
-10 (base 3) to base 5
-3
Convert 43 (base 6) to base 13.
21
What is -3 (base 15) in base 6?
-3
What is -24 (base 5) in base 11?
-13
Convert 111000 (base 2) to base 8.
70
32 (base 7) to base 8
27
3 (base 12) to base 13
3
Convert -28 (base 10) to base 2.
-11100
-1 (base 8) to base 2
-1
1 (base 5) to base 3
1
Convert 0 (base 12) to base 5.
0
-133 (base 4) to base 14
-23
-70 (base 10) to base 4
-1012
What is 414 (base 6) in base 10?
154
-25 (base 8) to base 11
-1a
15 (base 16) to base 4
111
9 (base 13) to base 9
10
Convert 38 (base 11) to base 14.
2d
Convert -111111 (base 3) to base 10.
-364
What is -11 (base 5) in base 2?
-110
Convert 1012 (base 3) to base 10.
32
-6f (base 16) to base 5
-421
-6 (base 11) to base 3
-20
0 (base 5) to base 4
0
What is 8 (base 12) in base 16?
8
What is -7 (base 14) in base 13?
-7
What is -147 (base 9) in base 7?
-235
Convert 1322 (base 6) to base 5.
2323
1002 (base 4) to base 12
56
-1 (base 3) to base 8
-1
Convert 1 (base 11) to base 16.
1
Convert -7 (base 11) to base 12.
-7
15 (base 14) to base 2
10011
Convert 36 (base 14) to base 11.
44
What is 7b (base 13) in base 14?
74
25 (base 10) to base 11
23
What is -28 (base 12) in base 16?
-20
What is 25 (base 14) in base 10?
33
-110 (base 6) to base 12
-36
What is 10 (base 8) in base 4?
20
7 (base 12) to base 7
10
What is -113 (base 6) in base 7?
-63
What is 29 (base 13) in base 9?
38
Convert -8 (base 13) to base 12.
-8
What is 2d (base 15) in base 2?
101011
Convert -66 (base 12) to base 13.
-60
What is -2 (base 15) in base 14?
-2
What is 4 (base 8) in base 10?
4
What is 5 (base 15) in base 16?
5
Convert 42 (base 9) to base 6.
102
-393 (base 10) to base 13
-243
Convert 4 (base 14) to base 15.
4
What is 3 (base 6) in base 2?
11
-2 (base 14) to base 10
-2
Convert 0 (base 9) to base 11.
0
1 (base 2) to base 4
1
Convert 2 (base 6) to base 12.
2
Convert -1 (base 16) to base 7.
-1
What is 6a (base 13) in base 9?
107
What is -2 (base 9) in base 16?
-2
What is -4 (base 13) in base 4?
-10
-7 (base 12) to base 16
-7
304 (base 6) to base 12
94
Convert -133 (base 5) to base 13.
-34
Convert 54 (base 12) to base 9.
71
Convert -a (base 16) to base 6.
-14
Convert -1110 (base 2) to base 15.
-e
-8 (base 16) to base 4
-20
What is 52 (base 9) in base 4?
233
What is 2 (base 7) in base 2?
10
-200 (base 3) to base 4
-102
Convert -2 (base 14) to base 16.
-2
Convert -24 (base 10) to base 9.
-26
What is 205 (base 7) in base 15?
6d
-3 (base 13) to base 4
-3
Convert 20 (base 8) to base 12.
14
1 (base 7) to base 11
1
1 (base 15) to base 12
1
What is -100 (base 2) in base 14?
-4
Convert 10 (base 5) to base 4.
11
What is 6 (base 11) in base 10?
6
Convert 6 (base 13) to base 16.
6
-123 (base 5) to base 3
-1102
-c (base 16) to base 9
-13
What is -35 (base 11) in base 3?
-1102
What is -5 (base 10) in base 12?
-5
What is 68 (base 9) in base 4?
332
201 (base 4) to base 16
21
-230 (base 6) to base 13
-6c
Convert -10001101 (base 2) to base 7.
-261
What is -34 (base 11) in base 7?
-52
What is -21 (base 8) in base 9?
-18
What is 5 (base 11) in base 15?
5
What is -2 (base 4) in base 10?
-2
50 (base 6) to base 10
30
What is 21 (base 8) in base 14?
13
Convert 1330 (base 5) to base 4.
3113
Convert 2 (base 4) to base 9.
2
Convert -23 (base 12) to base 13.
-21
What is -1110100 (base 2) in base 3?
-11022
What is 5 (base 10) in base 14?
5
Convert 0 (base 6) to base 11.
0
What is -148 (base 9) in base 16?
-7d
Convert 11011 (base 2) to base 16.
1b
-4 (base 9) to base 12
-4
Convert -2 (base 10) to base 9.
-2
4 (base 14) to base 7
4
Convert -2c (base 13) to base 16.
-26
-38 (base 12) to base 13
-35
Convert a (base 14) to base 15.
a
What is 44 (base 13) in base 8?
70
-314 (base 8) to base 7
-411
1021 (base 3) to base 4
202
-21 (base 4) to base 11
-9
-181 (base 12) to base 7
-463
Convert -45 (base 16) to base 2.
-1000101
Convert 6 (base 13) to base 9.
6
-36 (base 8) to base 7
-42
16 (base 8) to base 2
1110
What is -24 (base 8) in base 11?
-19
What is -22000 (base 3) in base 11?
-187
0 (base 7) to base 13
0
Convert -1200 (base 4) to base 11.
-88
What is -c4 (base 14) in base 3?
-20101
9 (base 15) to base 8
11
103 (base 5) to base 6
44
What is -32 (base 16) in base 7?
-101
What is 6 (base 10) in base 16?
6
-47 (base 9) to base 8
-53
14 (base 12) to base 15
11
168 (base 10) to base 2
10101000
Convert -8 (base 16) to base 5.
-13
Convert -56 (base 9) to base 10.
-51
Convert 210 (base 5) to base 6.
131
What is 2 (base 11) in base 12?
2
What is 11110 (base 2) in base 7?
42
31 (base 4) to base 6
21
-10 (base 15) to base 13
-12
Convert -10 (base 9) to base 6.
-13
Convert -64 (base 7) to base 5.
-141
Convert 1011 (base 3) to base 5.
111
Convert 12 (base 4) to base 3.
20
b8 (base 15) to base 5
1143
Convert -2 (base 16) to base 15.
-2
What is 1c (base 15) in base 12?
23
What is 10 (base 4) in base 10?
4
-1112 (base 3) to base 8
-51
-102 (base 4) to base 10
-18
-117 (base 10) to base 12
-99
Convert -2 (base 10) to base 8.
-2
Convert -2 (base 4) to base 12.
-2
Convert 2 (base 16) to base 5.
2
What is -2 (base 15) in base 14?
-2
18 (base 9) to base 16
11
What is -22211 (base 3) in base 9?
-284
Convert 14 (base 7) to base 3.
102
2f (base 16) to base 10
47
-3 (base 13) to base 4
-3
What is 1 (base 2) in base 7?
1
-101 (base 2) to base 11
-5
0 (base 11) to base 9
0
Convert 7 (base 8) to base 15.
7
-6 (base 16) to base 4
-12
Convert -1 (base 9) to base 7.
-1
What is -1 (base 12) in base 3?
-1
Convert 20 (base 8) to base 13.
13
-11 (base 6) to base 16
-7
1 (base 11) to base 10
1
-10202 (base 3) to base 7
-203
What is 1 (base 5) in base 3?
1
-4 (base 6) to base 10
-4
6 (base 13) to base 3
20
Convert 13 (base 4) to base 16.
7
What is 27 (base 11) in base 8?
35
Convert 3 (base 14) to base 6.
3
Convert 22 (base 3) to base 10.
8
Convert -2 (base 12) to base 10.
-2
What is 9 (base 10) in base 8?
11
-3 (base 7) to base 13
-3
-5 (base 13) to base 14
-5
af (base 16) to base 14
c7
Convert -3 (base 6) to base 3.
-10
What is -19a (base 11) in base 2?
-11100110
4 (base 13) to base 15
4
What is 0 (base 13) in base 14?
0
Convert 4 (base 10) to base 7.
4
What is -14 (base 5) in base 9?
-10
Convert 9b (base 16) to base 14.
b1
-133 (base 4) to base 14
-23
What is -4 (base 6) in base 7?
-4
What is 3 (base 12) in base 9?
3
Convert 2 (base 8) to base 7.
2
Convert -10100 (base 2) to base 4.
-110
Convert -2c (base 15) to base 14.
-30
Convert -5 (base 13) to base 16.
-5
What is -1 (base 9) in base 4?
-1
2332 (base 4) to base 2
10111110
c2 (base 16) to base 15
ce
21012 (base 3) to base 4
3002
-11 (base 14) to base 10
-15
What is 0 (base 12) in base 15?
0
-214 (base 5) to base 11
-54
Convert -184 (base 14) to base 16.
-138
Convert -1001 (base 2) to base 14.
-9
What is -202 (base 4) in base 15?
-24
What is -50 (base 8) in base 15?
-2a
What is 1a4 (base 11) in base 3?
22201
Convert -f (base 16) to base 12.
-13
-16 (base 15) to base 5
-41
Convert 233 (base 4) to base 16.
2f
Convert -110000 (base 3) to base 2.
-101000100
Convert -1121 (base 4) to base 5.
-324
What is 99 (base 13) in base 6?
330
What is -4 (base 10) in base 7?
-4
What is -1 (base 11) in base 9?
-1
Convert 6 (base 15) to base 14.
6
Convert 18 (base 10) to base 13.
15
-2 (base 4) to base 15
-2
Convert -3 (base 13) to base 3.
-10
Convert 101 (base 2) to base 12.
5
-6b (base 13) to base 16
-59
Convert -38 (base 13) to base 5.
-142
What is -7 (base 8) in base 9?
-7
306 (base 9) to base 5
1444
Convert -10 (base 6) to base 7.
-6
0 (base 11) to base 3
0
Convert 11 (base 3) to base 14.
4
What is 11 (base 2) in base 11?
3
288 (base 9) to base 14
134
Convert -317 (base 8) to base 10.
-207
-56 (base 11) to base 13
-49
Convert 167 (base 15)